he remainder when m(-5) is divided by 52?
18
Suppose 36 - 126 = -5*w. Let v be (-12)/15*(1 - 6). Suppose -g + 74 = q, -3*q - 62 = -v*q + 2*g. Calculate the remainder when q is divided by w.
16
Let z = -107 - -132. Calculate the remainder when z is divided by 12.
1
Suppose -8*b + 5*b + 9 = 0. Let f be -1 - 2 - (-120)/b. Suppose -f - 18 = -5*x. What is the remainder when 31 is divided by x?
9
Let u(v) = 13*v - 1. Let b be (-1 + -1)*40/(-10). Suppose 0 = -5*n + b + 32. What is the remainder when u(n) is divided by 35?
33
Let y(n) be the first derivative of -n**2/2 + 49*n - 39. What is the remainder when 168 is divided by y(6)?
39
Let b = -1074 + 1170. What is the remainder when 479 is divided by b?
95
Let c = 52 - 35. What is the remainder when 33 is divided by c/2*(-10)/(-5)?
16
Let s(k) = 4*k + 10*k**3 - 5*k + k - k. Let f be s(1). Let p = f + 7. Calculate the remainder when p is divided by 9.
7
Let p = -27 + 32. Let s be p/2 - (-39)/26. Suppose -s*r = -r - 81. What is the remainder when r is divided by 10?
7
Suppose 3*n - 213 = -2*l, 0 = -35*l + 32*l + 2*n + 326. Calculate the remainder when l is divided by 21.
3
Let p be (4 - 20/(-12)) + 6/(-9). Let x(v) = 2*v - 4. Calculate the remainder when x(p) is divided by 5.
1
Suppose 0 = -0*h + 3*h - 30. Let u = h - -10. Let n = -3 + u. What is the remainder when 48 is divided by n?
14
Let u(c) = 6*c + 73. Let h be u(-6). Suppose 5*b - 28 - h = 0. What is the remainder when 20 is divided by b?
7
Let d be (-1 - (1 - 3)) + 8. Let o be 0 + 3/d*0. Suppose 4*s - 4*v - 68 = o, 100 = 5*s + 5*v + 25. What is the remainder when 46 is divided by s?
14
Let g = 191 - 141. Suppose -4*s + g = 6*h - h, s + 19 = h. Suppose -127 - 29 = -4*v. Calculate the remainder when v is divided by h.
11
Let q(z) = -2 - 8*z**3 + 7*z**3 - z - 3*z**2 - 2*z. Suppose -40 = -5*o - 5*t, -2*o + 7*o + 2*t = 52. What is the remainder when o is divided by q(-3)?
5
Suppose -24 = -4*y - 4*m, -4*y = m - 26 + 8. Suppose n - 275 = -4*n. Suppose 53 + n = y*h. Calculate the remainder when h is divided by 15.
12
Let f = -11 + 20. What is the remainder when (234/(-12))/(6/(-8)) is divided by f?
8
Suppose 1283 + 963 = 35*x - 239. Suppose -c + s + 15 = 3*s, 0 = 5*c + s - 75. What is the remainder when x is divided by c?
11
Let s(j) = j**3 + 5*j**2 + 4*j + 2. Let u(c) = c + 8. Let k be u(-10). What is the remainder when s(-3) is divided by (-22)/(-4) + 1/k?
3
Let q(y) = 4*y**2 + 5*y + 4. Let a = 16 + 24. Calculate the remainder when q(-6) is divided by a.
38
Let s(v) = v**3 + 6*v**2 - 8*v + 6. What is the remainder when 105 is divided by s(-6)?
51
Let q = -133 - -200. Suppose 6*y = q + 29. What is the remainder when 30 is divided by y?
14
Suppose 5*n + 909 = 14*n. Suppose -2*t + 167 = -n. What is the remainder when t is divided by 35?
29
Let a = -12 + 17. Suppose 7*h - a*h = 82. What is the remainder when h is divided by 15?
11
Suppose i + 5*q + 13 = 0, 2*i = -i - 4*q - 6. Let b(t) = 3*t - 25. What is the remainder when b(9) is divided by i?
0
Suppose 5*d + 3*z + 30 = 0, 2*z = 2*d - 0*z - 4. What is the remainder when 573/21 - 6/(-63)*d is divided by 5?
2
Suppose 20*q + 18 = 21*q - h, 2*q - 57 = -5*h. Calculate the remainder when 287 is divided by q.
14
Suppose -13*j + 124 = -84. Suppose -b + 188 = 3*b. Calculate the remainder when b is divided by j.
15
Suppose -2*x + 12*t + 28 = 11*t, 0 = 3*x - 3*t - 36. What is the remainder when 16 is divided by x?
0
Suppose 91 + 38 = 3*y. Suppose -4*q - 8 = -28. Suppose -j + 41 = q*p, -6*j = -3*p - 2*j + y. Calculate the remainder when p is divided by 4.
1
Let s be (-12)/84 - (2 + (-255)/21). Suppose s*x - 30*x = -300. What is the remainder when 38 is divided by x?
8
Suppose 102 = 2*y + 3*z - 183, -5*z + 25 = 0. Calculate the remainder when y is divided by 1.
0
Suppose 2*y = -z + 28, 2*z - 6*z = 3*y - 137. Let d = 118 + -107. Calculate the remainder when z is divided by d.
5
Let n = -7 + 9. Suppose n*r - 3 - 37 = 0. Calculate the remainder when 39 is divided by r.
19
Let o = 21 + 203. Suppose -d + 58 = 3*f, -4*d + o = -f + 5*f. Calculate the remainder when d is divided by 19.
17
Suppose -72 + 21 = -u. Calculate the remainder when u is divided by 13.
12
Suppose -5*q + 193 = -287. Suppose d + q = 5*u - d, 4*u + 5*d = 57. What is the remainder when u is divided by 10?
8
Let j(l) be the first derivative of -l**3/3 + 3*l**2/2 + 13*l - 14. Calculate the remainder when 7 is divided by j(-2).
1
Suppose -514 = -13*k + 1033. What is the remainder when k is divided by 13?
2
Let x(h) = 93*h + 567. What is the remainder when -2*25*2/(-4) is divided by x(-6)?
7
Suppose 4*i - 79 = r - i, 4*r - 3*i + 231 = 0. Let g = -32 - r. What is the remainder when g is divided by 12?
10
Let n be 16/(-6)*(3 + 9). What is the remainder when 63 is divided by (n/3)/(10/(-15))?
15
What is the remainder when 111 is divided by (-13)/((-234)/1026) + (1 - -1)?
52
Suppose 6*p = 5*p + 20. Let a = p + -24. Let w(h) = -h**3 - 2*h**2 + h - 9. What is the remainder when 53 is divided by w(a)?
15
Let d be (-1833)/4 - 5/((-20)/1). What is the remainder when (-9)/(-9)*d/(-2) is divided by 29?
26
Let k = 24 - 38. Let g = -13 - k. What is the remainder when 2 is divided by g?
0
Suppose 4*s - 26 = -2*c, 2*c + 14 = s + 5*c. Calculate the remainder when 67 is divided by s.
2
Let n be 4/(-14) + 10/(-14). Let l(f) = -14*f + 1. Suppose -y - 9*v + 5 = -8*v, -3*y = -4*v - 36. Calculate the remainder when l(n) is divided by y.
7
Suppose 85 = j + 16. Let p(a) = -2*a**3 - 7*a**2 - 4*a + 3. What is the remainder when j is divided by p(-4)?
34
Suppose 4*w = 3*w + 12. Let b = w - 3. What is the remainder when 15 is divided by b?
6
Let g(s) = 3*s - 33. Let v be g(12). Suppose v*t + 4*f = 92, 2*t + 5*f + 95 = 7*t. Calculate the remainder when t is divided by 11.
2
Let o(a) = 4*a + 113. Calculate the remainder when o(-18) is divided by 15.
11
Suppose 7 = -59*a + 774. What is the remainder when 230 is divided by a?
9
Let b(o) = -2*o - 12. Let j be b(7). Let x = 75 + j. What is the remainder when 145 is divided by x?
47
Let c(x) = -77*x + 2. What is the remainder when c(-4) is divided by 26?
24
Let p(b) = -b**3 - 6*b**2 + 4*b + 22. Let w be p(-6). Calculate the remainder when -2*1*113/(-2) is divided by (w/4)/(16/(-928)).
26
Let q = -2 - -24. Suppose 3*k + 2*k - 2*y = 549, 0 = 2*k - 3*y - 224. Calculate the remainder when k is divided by q.
21
Let c(r) = r**3 + 13*r**2 + 6*r + 22. What is the remainder when c(-10) is divided by 33?
31
Suppose h - 76 = 2*m, -5*h - 2*m + 424 = -m. Suppose -15*k + h = -12*k. What is the remainder when 167 is divided by k?
27
Let k be -3 - -8 - -1 - (-2 - -1). Suppose -11*j + k*j + 364 = 0. Calculate the remainder when j is divided by 16.
11
Let n(c) = c + 167. Calculate the remainder when n(-20) is divided by 30.
27
Suppose -199705 - 38904 = -89*i. What is the remainder when i is divided by 61?
58
Suppose 5*h + 2*i - 140 = -3*i, 3*i + 41 = 2*h. Suppose -5*r + 85 = 11*o - 8*o, -4*r + 3*o + 41 = 0. Calculate the remainder when h is divided by r.
11
Let s be -1*(17 - (0 + -2)). Let n = s + 34. Calculate the remainder when n is divided by (2/(-4))/((-3)/24).
3
Suppose 0 = -41*g + 8496 + 6633. Calculate the remainder when g is divided by 37.
36
Let a = -1616 + 1630. Calculate the remainder when (-274)/(-4) + 3/6 is divided by a.
13
Suppose 0 = 9*w + 30 + 42. Let g(h) = h**3 + 8*h**2 - 8*h + 11. What is the remainder when g(w) is divided by 39?
36
Let r = 4 + -8. Calculate the remainder when 153 - 0/(r/(-2)) is divided by 22.
21
Let t(q) = 44*q**2 - q - 2. Let b be t(-1). Let y = -41 - -130. Let l = y - b. What is the remainder when l is divided by 16?
14
Suppose x - 226 = -5*f, -6*f + x + 224 = -f. Let u be 465/f + (-2)/(-3). What is the remainder when -6 + u + 1*-2 is divided by 2?
1
Let d = -82 - -106. What is the remainder when 66 is divided by d?
18
Let v be 2/(-3)*(-231)/(-22). Let i(q) = -q**2 - 7*q + 15. What is the remainder when i(v) is divided by 6?
3
What is the remainder when 121 is divided by ((-15)/10 - 786/(-12))/2?
25
Let r(l) = -5 - 32*l + 15*l + 31 + 18*l. Calculate the remainder when 6 is divided by r(-23).
0
Suppose -72 = 5*l - l. Let v be l/15*(-20)/6. Suppose v*d = 45 + 63. What is the remainder when 52 is divided by d?
25
Let v